
2, 5, 19, 173
Suppose 3*j - 3*a + a = 108, 2*j - 73 = a. Let m = j + -104. Let v = m - -123. List the prime factors of v.
3, 19
Let i(h) = 36*h**2 - 3*h + 3. Let g(a) = a**2 + 2*a + 1. Let w(y) = 3*g(y) - i(y). Let o be w(-5). List the prime factors of o/45*(-7)/((-7)/(-12)).
2, 29
Suppose 28859 = -5*j + 9*j + 3*s, 8 = 8*s. What are the prime factors of j?
2, 3607
List the prime factors of (13 - (-518)/(-42))/(2/19851).
13, 509
Let d be ((-18)/(-3))/1 + 2. Suppose -l - 986 = -3*a, -3*l + d*l = -10. List the prime factors of a.
2, 41
Let y be 10*51*6/(-9). Let b = 715 + y. What are the prime factors of b?
3, 5
Suppose -6 = -r + i + i, 0 = r - i - 5. Suppose r*c + c - 607 = 3*o, -124 = -c - 2*o. What are the prime factors of c?
2, 61
Suppose 3*i = 5*d - 12*d + 14292, 0 = 2*d - 2*i - 4092. List the prime factors of d.
3, 227
Let x(s) = 43*s**2 - 138*s - 85. What are the prime factors of x(18)?
11, 1033
Let f = 66 - 66. Suppose 3*c + f*c = 4*o - 1953, -2*c = 2*o - 994. What are the prime factors of o?
2, 3, 41
Let w = 48 + 274. Let k = w - 112. Let q = k - 20. What are the prime factors of q?
2, 5, 19
Let r be ((-1928)/(-10))/(-11 + (-280)/(-25)). Suppose -r = -4*o - 2*a, -2*o + 478 = -12*a + 14*a. List the prime factors of o.
3
Let o(c) = -15*c - 5 - 4*c + 3 - 3*c. Let h be (-2)/((-2)/(-15) + (-221)/(-255)). What are the prime factors of o(h)?
2, 3, 7
Suppose 5*u + 4 = 4*r - 10, 2*u = -4. Let a be -40 + (-3)/((-3)/2). What are the prime factors of -4 + a/r*-3?
2, 5, 11
Let t(h) = h. Let m be t(6). Suppose 3254*s + 5*u - 4 = 3256*s, 4*u + 8 = 0. What are the prime factors of m + 5 + s + -1 + 116?
7, 17
Let a = 11095 - 2021. List the prime factors of a.
2, 13, 349
List the prime factors of 43858/3 + 336/504.
2, 5, 17, 43
Suppose 5*h = -2*i + 43, 23*h - 20*h - 1 = 5*i. Suppose 0 = 5*f - h*y + 6*y - 5097, -4*f = 3*y - 4070. What are the prime factors of f?
1019
Let w = 50 - 46. Suppose -2*x + u + w = -11, 4*u + 40 = 4*x. Suppose 3*o = -2*t + 479, x*o + 3*t - t - 801 = 0. List the prime factors of o.
7, 23
Let t(y) = -y - 4. Let i be t(-3). Let c(u) = 52*u**2 + 1. Let z be c(i). Suppose -z = -k + 31. What are the prime factors of k?
2, 3, 7
Let s = 6228 + -2784. List the prime factors of s.
2, 3, 7, 41
Suppose -u + 2*h + 1 + 6 = 0, -7 = -5*u + 3*h. Let k be u/1 - (2 - (0 - -3)). Let j(b) = b**3 + b**2 - b + 16. List the prime factors of j(k).
2
Let m(d) = 2*d**2 + 12*d + 13. Suppose -32 = 4*t + 4*g, -5*t - 4 = -4*t - 3*g. Let o be m(t). What are the prime factors of 170/3 - 6*3/o?
2, 7
Suppose -3*n + 271 = 4*x, 28 = 3*x - 5*n - 197. What are the prime factors of x/(-14)*328/(-5)?
2, 41
Let j(w) = w**2 + 12*w + 36. Let s be j(0). Let x = 313 - 154. Suppose -f + x = s. What are the prime factors of f?
3, 41
Suppose -4*y = 3*b - 795, -21*y = -25*y + b + 791. List the prime factors of y.
2, 3, 11
Let c = 91 + -66. Let i(p) = -3 - 13 + 26*p + 4 - c. List the prime factors of i(5).
3, 31
Suppose q - 335 - 127 = 2*k, 3*q - k = 1411. Suppose -q - 2384 = -6*u. What are the prime factors of u?
2, 7, 17
Let q(j) = -33*j + 65. Let d be q(2). Let f(z) = -18*z + 8. List the prime factors of f(d).
2, 13
Let i = 8596 + 3356. What are the prime factors of i?
2, 3, 83
Suppose -9*m + 8 = -5*m. Suppose m*f - 67 = 233. What are the prime factors of f?
2, 3, 5
Let l(s) = 4*s**2 - 11*s - 51. Let k be l(10). Let n = k + 137. List the prime factors of n.
2, 47
Suppose 0 = 5*p - 5*a + 19 + 6, 0 = 3*p + 5*a + 55. Let t(w) = -5*w + 7. Let u be t(p). Suppose -5*q = -138 - u. List the prime factors of q.
3, 13
Let c(y) = -y**3 - 7*y**2 + 18*y + 84. Let n be c(-8). Suppose -w = n*i - 406, -4*w - 62*i = -61*i - 1564. List the prime factors of w.
2, 3, 5, 13
Suppose -3*v = 3*r - 12903, 2*r - 3*v - 7196 = 1411. List the prime factors of r.
2, 3, 239
Suppose q = 3*i - i + 873, 4*q - 5*i - 3504 = 0. Suppose 161 = -3*h + q. List the prime factors of h.
2, 3, 5
Suppose 1752*n - 1796*n + 1467620 = 0. List the prime factors of n.
5, 7, 953
Suppose -62 = -6*j + 8*j. Let o = -29 - j. Suppose o*y = 3*y - 44. List the prime factors of y.
2, 11
Let m(l) = -8*l - 19 + 50*l**2 - 7 + 51. What are the prime factors of m(4)?
13, 61
Let u(g) = 1668*g**2 - 108*g - 49. List the prime factors of u(3).
14639
Let l = 78 + -76. Suppose -2*r - l*v + 2550 = 0, 509 - 1788 = -r + v. What are the prime factors of r?
1277
Let n be (951/(0 - -3))/(8 + -7). Let f = 508 + n. What are the prime factors of f?
3, 5, 11
Let s = 33 + -29. Let z be -4 + (-10)/(-2) + s. Suppose -5*i + 0*m = -z*m - 1055, 5*i - 3*m = 1065. List the prime factors of i.
2, 3
Let u = 47 - 53. Let j be (21/u)/(-2*(-2)/56). Let q = -23 - j. List the prime factors of q.
2, 13
Let i = 33 + -19. Suppose -p + 4*r - i = 0, 5*r - 26 = -p - 2*p. Suppose -p*l + 3*v = -212, 2*l - 216 = 4*v + v. What are the prime factors of l?
103
List the prime factors of 3623 - ((-106)/(-318))/((-1)/(-1 - 8)).
2, 5, 181
Suppose 230*k - 707933 - 1142870 = -486213. What are the prime factors of k?
17, 349
Let a(b) = -b**3 + 14*b**2 + 15*b - 10. Let r be a(15). List the prime factors of (3 - r/(-4))*23*10.
5, 23
Suppose 0*x = -x + 50. Let u = 237 + -175. Let f = x + u. What are the prime factors of f?
2, 7
Let d(b) = -32*b**2 - 30*b + 49. Let j(t) = 10*t**2 + 11*t - 16. Let p(a) = 3*d(a) + 10*j(a). Suppose 5*q + 45 = -0*q. List the prime factors of p(q).
131
Let g = -78 + 7320. What are the prime factors of g?
2, 3, 17, 71
Let t(r) = 2*r**2 - 11*r + 19. Let l be t(2). Suppose 3498 = l*b + 753. List the prime factors of b.
3, 61
Let l(b) = -b**3 + 5*b**2 - 6*b. Let n be l(3). Suppose -19*h + 22*h - 1077 = n. List the prime factors of h.
359
Let d(s) = s**2 + 18. Let q be d(15). Suppose 3*a + 9 = 0, 0 = 2*p + 2*a - 3*a - q. List the prime factors of 42/4*(p/18 + -4).
2, 7
Let w(t) = t**3 - 5*t**2 - 13. Let n(s) = -2*s**2 + 3*s + 1. Let a be n(2). Let b be (-2 + -4)*-1 - a. List the prime factors of w(b).
5, 17
Let n(b) = -35*b - 216. Let h be n(8). Let z = h - -1254. What are the prime factors of z?
2, 379
Let v(s) = 3*s**2 - 28*s + 90. Let r be v(7). Suppose r*c = 43*c - 5*b - 2847, -2*c = -b - 2851. What are the prime factors of c?
2, 23, 31
Suppose -25*x = -0*x - 296656 - 466494. List the prime factors of x.
2, 15263
Let p be 12 - 5/(35/42). What are the prime factors of p/16 - (35/(-56) + -6)?
7
Suppose -67147 = -13*z - 25763 + 85574. What are the prime factors of z?
2, 19, 257
Suppose -10*f + 192 = -7*f. Let l be 6/9*3 + 65. Let d = l - f. What are the prime factors of d?
3
Suppose 0 = -t - 0*r + 3*r - 38, 4*r + 31 = -t. Let h = 973 - 1004. Let g = h - t. List the prime factors of g.
2
Let d be (-471 + -7)*4/(-8). Suppose 0 = -m + 173 + d. List the prime factors of m.
2, 103
Let d(p) = p**2 - 15*p + 4. Let v be d(15). Suppose 3*i + 0*i + v*c + 14 = 0, -2*i - 5*c = 21. What are the prime factors of (20/8 - i)/((-3)/(-96))?
2
Let l(q) = 30*q**3 - 18*q**2 + 27*q - 166. What are the prime factors of l(6)?
2, 31, 47
Let t = -7262 + 19909. What are the prime factors of t?
12647
Suppose -4*b + 20 = 104. Suppose 710 - 1820 = 5*a. Let r = b - a. List the prime factors of r.
3, 67
List the prime factors of 5879 + (-3)/(9/75).
2, 2927
Let a be 2*2/(-16) - 8982/(-24). Suppose 4*p - f + a = 0, p + 4*f - 2*f = -89. Let v = p + 120. List the prime factors of v.
3
Suppose -157*q - 2514744 + 10217321 = 0. List the prime factors of q.
71, 691
Suppose -8511*c + 62127 = -8502*c. List the prime factors of c.
3, 13, 59
Suppose -3*i = 4*t + 27, 22 = t - 2*i - 3*i. Let p(z) = 2*z**2 + 8*z + 3. Let q be p(t). Let g(h) = -3*h**3 - 2*h**2 + 5. List the prime factors of g(q).
2, 17
Let f(t) = t**2 + 2*t - 45. Let d be f(0). List the prime factors of (-288)/d*(-3 - -13).
2
Suppose 2*h - 6808 = 3*z, 13636 = 4*h - 59*z + 63*z. What are the prime factors of h?
3407
Let y(f) = 16*f**2 - f. Let d be y(-8). Suppose 5*g = 4*o + d, 478 + 527 = 5*g + 5*o. Suppose 5*z - 271 = g. List the prime factors of z.
5, 19
Let l be (-1 - 0) + (2 - 12)/5. Let m(r) = -77*r + 32. List the prime factors of m(l).
263
Suppose 63*m = 54*m + 36045. Suppose m = g + 8*g. List the prime factors of g.
5, 89
Suppose -u = 2*g - 68182, -4*u + 16323 = 3*g - 85935. What are the prime factors of g?
2, 17047
Let q = 2916 - -65902.